{"id":36145,"date":"2026-01-28T18:24:51","date_gmt":"2026-01-28T18:24:51","guid":{"rendered":"https:\/\/www.grupocondor.org\/?page_id=36145"},"modified":"2026-04-12T10:08:52","modified_gmt":"2026-04-12T10:08:52","slug":"gr-140","status":"publish","type":"page","link":"https:\/\/www.grupocondor.org\/?page_id=36145","title":{"rendered":"GR-140"},"content":{"rendered":"\n<p class=\"has-black-color has-vivid-green-cyan-background-color has-text-color has-background has-link-color has-large-font-size wp-elements-eeec7c2dcea6e4af586049007822d502\"><strong>SENDERO DE ALMER\u00cdA , DEL MAR AL CIELO.<\/strong><\/p>\n\n\n\n<p class=\"has-black-color has-text-color has-link-color wp-elements-e9f77d0c133f08be9d32514c2f0bcbf4\"><strong>Puedes ver GR 140 Almer\u00eda: De la nieve a la arena en RTVE Play<\/strong><\/p>\n\n\n\n<p class=\"has-vivid-cyan-blue-color has-text-color has-link-color wp-elements-f2192d8d81ccd27e432ff96a5fe379b4\"><a href=\"https:\/\/play.rtve.es\/v\/5817683\">https:\/\/play.rtve.es\/v\/5817683<\/a><\/p>\n\n\n\n<p><\/p>\n\n\n\n<p class=\"has-black-color has-pale-cyan-blue-background-color has-text-color has-background has-link-color has-large-font-size wp-elements-20c458482968066687d7ee980d654837\"><strong>NUESTRO PROYECTO 2026<\/strong><\/p>\n\n\n\n<h2 class=\"wp-block-heading has-black-color has-text-color has-link-color wp-elements-954227c137d3cfdc4f487ebaecf2a123\"><strong>Naturaleza y paisaje del GR-140<\/strong><\/h2>\n\n\n\n<p class=\"has-black-color has-text-color has-link-color wp-elements-d7ddf65ee72155d7e2b5023c9fda35bb\">El GR-140 es un recorrido \u00fanico que conecta la alta monta\u00f1a de Sierra Nevada con el litoral del Parque Natural Cabo de Gata-N\u00edjar, atravesando algunos de los paisajes m\u00e1s representativos de la provincia de Almer\u00eda.<\/p>\n\n\n\n<p class=\"has-black-color has-text-color has-link-color wp-elements-4bb96f009c4a4c2a4c41f4777d075123\">A lo largo de sus 179 km, el sendero ofrece una gran diversidad de entornos: desde las cumbres y pastizales de alta monta\u00f1a en el Puerto de la Ragua, pasando por los valles agr\u00edcolas y pueblos tradicionales de la Alpujarra almeriense y el valle del r\u00edo Andarax, hasta los paisajes \u00e1ridos de ramblas, barrancos y sierras como Alhamilla, donde domina la vegetaci\u00f3n adaptada al clima \u00e1rido.<\/p>\n\n\n\n<p class=\"has-black-color has-text-color has-link-color wp-elements-2c53825f6d7fa246ea79702b708e8234\">En los \u00faltimos tramos, el recorrido se abre hacia el Mediterr\u00e1neo, mostrando dunas, matorrales litorales, azufaifares y ecosistemas asociados a ramblas y desembocaduras, hasta culminar en el espectacular paisaje volc\u00e1nico de Cabo de Gata.<\/p>\n\n\n\n<p class=\"has-black-color has-text-color has-link-color wp-elements-52c824e0030605edde8674916b53956e\">Como valor a\u00f1adido, se trata de un <strong>proyecto especial del Club de Monta\u00f1ismo C\u00f3ndor<\/strong>, que recupera y actualiza el GR-140, proponiendo un recorrido propio adaptado a las condiciones actuales del sendero, al no encontrarse actualmente homologado.<\/p>\n\n\n\n<p class=\"has-black-color has-text-color has-link-color wp-elements-776aa3e8e689e9a57bd65413b8b4ea72\">Un sendero que permite descubrir, en una sola traves\u00eda, la enorme riqueza ecol\u00f3gica, bot\u00e1nica, geol\u00f3gica y paisaj\u00edstica de Almer\u00eda.<\/p>\n\n\n\n<p>M\u00e1s informaci\u00f3n sobre el proyecto:<\/p>\n\n\n\n<p class=\"has-vivid-cyan-blue-color has-text-color has-link-color wp-elements-b8c76de700ecf63e14661198631d5021\"><a href=\"https:\/\/www.grupocondor.org\/?p=36101\"><strong>https:\/\/www.grupocondor.org\/?p=36101<\/strong><\/a><strong><br><\/strong><\/p>\n\n\n\n<p class=\"has-black-color has-vivid-green-cyan-background-color has-text-color has-background has-link-color has-medium-font-size wp-elements-ebbf0a389187f5ceb770174619644090\"><strong>ETAPA 1. DEL PUERTO DE LA RAGUA A BAY\u00c1RCAL<\/strong><\/p>\n\n\n\n<p class=\"has-vivid-red-color has-text-color has-link-color has-medium-font-size wp-elements-ba954b13595b69b500152843447a201e\"><strong>REALIZADA EL 21 DE MARZO<\/strong><\/p>\n\n\n\n<p class=\"has-black-color has-text-color has-link-color wp-elements-ada1d7d11b99a987bd07f53f971f3c66\"><strong>ALBUM DE FOTOS:<\/strong><\/p>\n\n\n\n<p class=\"has-vivid-cyan-blue-color has-text-color has-link-color wp-elements-d8d03928387c437b7c7a5097d3bf7100\"><a href=\"https:\/\/photos.app.goo.gl\/PsdFh6veEJgHKKUo7\"><strong>https:\/\/photos.app.goo.gl\/PsdFh6veEJgHKKUo7<\/strong><\/a><\/p>\n\n\n\n<p class=\"has-black-color has-text-color has-link-color wp-elements-1cb2e17f0e17abce976a2f6c5d9aaa4f\"><strong>ENLACE WIKILOC:<\/strong><\/p>\n\n\n\n<p class=\"has-vivid-cyan-blue-color has-text-color has-link-color wp-elements-db1d5a531d0d4ee3aa28fb007cbb157c\"><a href=\"https:\/\/es.wikiloc.com\/rutas-senderismo\/gr-140-puerto-de-la-ragua-etapa-1-del-puerto-de-la-ragua-a-bayarcal-255703273\"><strong>https:\/\/es.wikiloc.com\/rutas-senderismo\/gr-140-puerto-de-la-ragua-etapa-1-del-puerto-de-la-ragua-a-bayarcal-255703273<\/strong><\/a><\/p>\n\n\n\n<p class=\"has-black-color has-text-color has-link-color wp-elements-32c3fda030e33b5de602ac97044afa0c\"><strong>TODA LA INFORMACI\u00d3N:<\/strong><\/p>\n\n\n\n<p class=\"has-vivid-cyan-blue-color has-text-color has-link-color wp-elements-64db932ff306324ebe9898d68b1defae\"><a href=\"https:\/\/drive.google.com\/drive\/folders\/1ePFI1zuNKLmEdIfp5UhI5brYYGyxhzZX?usp=drive_link\"><strong>https:\/\/drive.google.com\/drive\/folders\/1ePFI1zuNKLmEdIfp5UhI5brYYGyxhzZX?usp=drive_link<\/strong><\/a><\/p>\n\n\n\n<p class=\"has-black-color has-vivid-green-cyan-background-color has-text-color has-background has-link-color has-medium-font-size wp-elements-7d5e7396fe7188d4fc1de0240230dbea\"><strong>ETAPA 2. DE BAY\u00c1RCAL A LAUJAR DE ANDARAX<\/strong><\/p>\n\n\n\n<p class=\"has-vivid-red-color has-text-color has-link-color has-medium-font-size wp-elements-dc4865c40d5cead52aab6b803a9cb0be\"><strong>REALIZADA EL 31\/01\/2026<\/strong><\/p>\n\n\n\n<p class=\"has-black-color has-text-color has-link-color wp-elements-ada1d7d11b99a987bd07f53f971f3c66\"><strong>ALBUM DE FOTOS:<\/strong><\/p>\n\n\n\n<p class=\"has-vivid-cyan-blue-color has-text-color has-link-color wp-elements-aa4a481658bc8a8f489a5fbdb174816f\"><a href=\"https:\/\/photos.google.com\/share\/AF1QipO2yIZPFyAfyJhjCVtJUR6Ukm2v4FWv-9MNPkYXVym8A9-WM7-xiwxMl-TzXNezkQ?key=SzlNX2MwTjZmamJtWF9IYUhoa2lTWGgtczIxdUF3\"><strong>https:\/\/photos.google.com\/share\/AF1QipO2yIZPFyAfyJhjCVtJUR6Ukm2v4FWv-9MNPkYXVym8A9-WM7-xiwxMl-TzXNezkQ?key=SzlNX2MwTjZmamJtWF9IYUhoa2lTWGgtczIxdUF3<\/strong><\/a><\/p>\n\n\n\n<p class=\"has-black-color has-text-color has-link-color wp-elements-1cb2e17f0e17abce976a2f6c5d9aaa4f\"><strong>ENLACE WIKILOC:<\/strong><\/p>\n\n\n\n<p class=\"has-vivid-cyan-blue-color has-text-color has-link-color wp-elements-e6792992778b0b0362b6fcbbc11656d8\"><a href=\"https:\/\/es.wikiloc.com\/rutas-senderismo\/gr-140-etapa-2-de-bayarcal-a-laujar-de-andarax-250147414\"><strong>https:\/\/es.wikiloc.com\/rutas-senderismo\/gr-140-etapa-2-de-bayarcal-a-laujar-de-andarax-250147414<\/strong><\/a><\/p>\n\n\n\n<p class=\"has-black-color has-text-color has-link-color wp-elements-32c3fda030e33b5de602ac97044afa0c\"><strong>TODA LA INFORMACI\u00d3N:<\/strong><\/p>\n\n\n\n<p class=\"has-vivid-cyan-blue-color has-text-color has-link-color wp-elements-568c7d24030862967671065a37243aa7\"><strong><a href=\"https:\/\/drive.google.com\/drive\/folders\/1nOa_5r14nSzcSn8llK-cjx0wn3OBB7Bx?usp=sharing\">https:\/\/drive.google.com\/drive\/folders\/1NL62PHVBiYGofrLpRv5rDJ55aUoutq_A?usp=drive_link<\/a><\/strong><\/p>\n\n\n\n<p><\/p>\n\n\n\n<p><\/p>\n\n\n\n<p class=\"has-black-color has-vivid-green-cyan-background-color has-text-color has-background has-link-color has-medium-font-size wp-elements-1320f11e908d0b0568e49d15f4143442\"><strong>ETAPA 3. DE LAUJAR DE ANDARAX A PADULES<\/strong><\/p>\n\n\n\n<p class=\"has-vivid-red-color has-text-color has-link-color has-medium-font-size wp-elements-f8293b6ab85222bcad64937539d344a7\"><strong>REALIZADA EL 7\/03\/2026<\/strong><\/p>\n\n\n\n<p class=\"has-black-color has-text-color has-link-color wp-elements-ada1d7d11b99a987bd07f53f971f3c66\"><strong>ALBUM DE FOTOS:<\/strong><\/p>\n\n\n\n<p class=\"has-vivid-cyan-blue-color has-text-color has-link-color wp-elements-70d1725d6f918f1b819b5ffef33f3ddb\"><a href=\"https:\/\/photos.app.goo.gl\/NSp81nxYSdRmzXux7\"><strong>https:\/\/photos.app.goo.gl\/NSp81nxYSdRmzXux7<\/strong><\/a><\/p>\n\n\n\n<p class=\"has-black-color has-text-color has-link-color wp-elements-1cb2e17f0e17abce976a2f6c5d9aaa4f\"><strong>ENLACE WIKILOC:<\/strong><\/p>\n\n\n\n<p class=\"has-vivid-cyan-blue-color has-text-color has-link-color wp-elements-fb7d7239aff123843f0b8cad2a6a08a7\"><a href=\"https:\/\/es.wikiloc.com\/rutas-senderismo\/gr-140-3-etapa-laujar-de-andarax-padules-253465992\"><strong>https:\/\/es.wikiloc.com\/rutas-senderismo\/gr-140-3-etapa-laujar-de-andarax-padules-253465992<\/strong><\/a><\/p>\n\n\n\n<p class=\"has-black-color has-text-color has-link-color wp-elements-32c3fda030e33b5de602ac97044afa0c\"><strong>TODA LA INFORMACI\u00d3N:<\/strong><\/p>\n\n\n\n<p class=\"has-vivid-cyan-blue-color has-text-color has-link-color wp-elements-8e6a1e2c35b09c34b5d96f08d4d06022\"><a href=\"https:\/\/drive.google.com\/drive\/folders\/1ZzjaV8JEIap0x2GN35LTynQzTW3Ajly7?usp=sharing\"><strong>https:\/\/drive.google.com\/drive\/folders\/1ZzjaV8JEIap0x2GN35LTynQzTW3Ajly7?usp=sharing<\/strong><\/a><\/p>\n\n\n\n<p><\/p>\n\n\n\n<p class=\"has-black-color has-vivid-green-cyan-background-color has-text-color has-background has-link-color has-medium-font-size wp-elements-ceb5b46734477b24951ff285769dcc7e\"><strong>ETAPA 4. DE PADULES A INSTINCI\u00d3N<\/strong><\/p>\n\n\n\n<p class=\"has-vivid-red-color has-text-color has-link-color has-medium-font-size wp-elements-135333eb4a674ce22aad65e58664756b\"><strong>REALIZADA EL 11\/04\/2026<\/strong><\/p>\n\n\n\n<p class=\"has-black-color has-text-color has-link-color wp-elements-ada1d7d11b99a987bd07f53f971f3c66\"><strong>ALBUM DE FOTOS:<\/strong><\/p>\n\n\n\n<p class=\"has-vivid-cyan-blue-color has-text-color has-link-color wp-elements-cc02e8036fcf0b7ea79b1568b14f9258\"><a href=\"https:\/\/photos.google.com\/share\/AF1QipN8JHnSw25_rsXjcUHRqw6ddKhbwhzWngGb-Fsb_euwKbtpUlkVJK1JqbIT_ytlvA?key=UkhvdVY2UXczX25QbV8zZncyRVk5dnkxdDdTTGxR\"><strong>https:\/\/photos.google.com\/share\/AF1QipN8JHnSw25_rsXjcUHRqw6ddKhbwhzWngGb-Fsb_euwKbtpUlkVJK1JqbIT_ytlvA?key=UkhvdVY2UXczX25QbV8zZncyRVk5dnkxdDdTTGxR<\/strong><\/a><\/p>\n\n\n\n<p class=\"has-black-color has-text-color has-link-color wp-elements-1cb2e17f0e17abce976a2f6c5d9aaa4f\"><strong>ENLACE WIKILOC:<\/strong><\/p>\n\n\n\n<p class=\"has-vivid-cyan-blue-color has-text-color has-link-color wp-elements-26d2fa4e4dd0638b83795447948f3901\"><a href=\"https:\/\/loc.wiki\/t\/258625574?wa=sc\"><strong>https:\/\/loc.wiki\/t\/258625574?wa=sc<\/strong><\/a><\/p>\n\n\n\n<p class=\"has-black-color has-text-color has-link-color wp-elements-32c3fda030e33b5de602ac97044afa0c\"><strong>TODA LA INFORMACI\u00d3N:<\/strong><\/p>\n\n\n\n<p class=\"has-vivid-cyan-blue-color has-text-color has-link-color wp-elements-a8df440e8ef017ac4cc52d20c97f6ef5\"><a href=\"https:\/\/drive.google.com\/drive\/folders\/1s2U3RQoezoRO6X7hmaKi20bxk_RKUTjo?usp=sharing\"><strong>https:\/\/drive.google.com\/drive\/folders\/1s2U3RQoezoRO6X7hmaKi20bxk_RKUTjo?usp=sharing<\/strong><\/a><\/p>\n","protected":false},"excerpt":{"rendered":"<p>SENDERO DE ALMER\u00cdA , DEL MAR AL CIELO. Puedes ver GR 140 Almer\u00eda: De la nieve a la arena en RTVE Play https:\/\/play.rtve.es\/v\/5817683 NUESTRO PROYECTO 2026 Naturaleza y paisaje del GR-140 El GR-140 es un recorrido \u00fanico que conecta la alta monta\u00f1a de Sierra Nevada con el litoral del Parque Natural Cabo de Gata-N\u00edjar, atravesando [&hellip;]<\/p>\n","protected":false},"author":7748,"featured_media":0,"parent":0,"menu_order":0,"comment_status":"closed","ping_status":"closed","template":"","meta":{"_et_pb_use_builder":"off","_et_pb_old_content":"","_et_gb_content_width":"","footnotes":""},"class_list":["post-36145","page","type-page","status-publish","hentry"],"_links":{"self":[{"href":"https:\/\/www.grupocondor.org\/index.php?rest_route=\/wp\/v2\/pages\/36145","targetHints":{"allow":["GET"]}}],"collection":[{"href":"https:\/\/www.grupocondor.org\/index.php?rest_route=\/wp\/v2\/pages"}],"about":[{"href":"https:\/\/www.grupocondor.org\/index.php?rest_route=\/wp\/v2\/types\/page"}],"author":[{"embeddable":true,"href":"https:\/\/www.grupocondor.org\/index.php?rest_route=\/wp\/v2\/users\/7748"}],"replies":[{"embeddable":true,"href":"https:\/\/www.grupocondor.org\/index.php?rest_route=%2Fwp%2Fv2%2Fcomments&post=36145"}],"version-history":[{"count":17,"href":"https:\/\/www.grupocondor.org\/index.php?rest_route=\/wp\/v2\/pages\/36145\/revisions"}],"predecessor-version":[{"id":36333,"href":"https:\/\/www.grupocondor.org\/index.php?rest_route=\/wp\/v2\/pages\/36145\/revisions\/36333"}],"wp:attachment":[{"href":"https:\/\/www.grupocondor.org\/index.php?rest_route=%2Fwp%2Fv2%2Fmedia&parent=36145"}],"curies":[{"name":"wp","href":"https:\/\/api.w.org\/{rel}","templated":true}]}}

<p class="has-black-color has-vivid-green-cyan-background-color has-text-color has-background has-link-color has-large-font-size wp-elements-eeec7c2dcea6e4af586049007822d502"><strong>SENDERO DE ALMERÍA , DEL MAR AL CIELO.</strong></p>



<p class="has-black-color has-text-color has-link-color wp-elements-e9f77d0c133f08be9d32514c2f0bcbf4"><strong>Puedes ver GR 140 Almería: De la nieve a la arena en RTVE Play</strong></p>



<p class="has-vivid-cyan-blue-color has-text-color has-link-color wp-elements-f2192d8d81ccd27e432ff96a5fe379b4"><a href="https://play.rtve.es/v/5817683">https://play.rtve.es/v/5817683</a></p>



<p></p>



<p class="has-black-color has-pale-cyan-blue-background-color has-text-color has-background has-link-color has-large-font-size wp-elements-20c458482968066687d7ee980d654837"><strong>NUESTRO PROYECTO 2026</strong></p>



<h2 class="wp-block-heading has-black-color has-text-color has-link-color wp-elements-954227c137d3cfdc4f487ebaecf2a123"><strong>Naturaleza y paisaje del GR-140</strong></h2>



<p class="has-black-color has-text-color has-link-color wp-elements-d7ddf65ee72155d7e2b5023c9fda35bb">El GR-140 es un recorrido único que conecta la alta montaña de Sierra Nevada con el litoral del Parque Natural Cabo de Gata-Níjar, atravesando algunos de los paisajes más representativos de la provincia de Almería.</p>



<p class="has-black-color has-text-color has-link-color wp-elements-4bb96f009c4a4c2a4c41f4777d075123">A lo largo de sus 179 km, el sendero ofrece una gran diversidad de entornos: desde las cumbres y pastizales de alta montaña en el Puerto de la Ragua, pasando por los valles agrícolas y pueblos tradicionales de la Alpujarra almeriense y el valle del río Andarax, hasta los paisajes áridos de ramblas, barrancos y sierras como Alhamilla, donde domina la vegetación adaptada al clima árido.</p>



<p class="has-black-color has-text-color has-link-color wp-elements-2c53825f6d7fa246ea79702b708e8234">En los últimos tramos, el recorrido se abre hacia el Mediterráneo, mostrando dunas, matorrales litorales, azufaifares y ecosistemas asociados a ramblas y desembocaduras, hasta culminar en el espectacular paisaje volcánico de Cabo de Gata.</p>



<p class="has-black-color has-text-color has-link-color wp-elements-52c824e0030605edde8674916b53956e">Como valor añadido, se trata de un <strong>proyecto especial del Club de Montañismo Cóndor</strong>, que recupera y actualiza el GR-140, proponiendo un recorrido propio adaptado a las condiciones actuales del sendero, al no encontrarse actualmente homologado.</p>



<p class="has-black-color has-text-color has-link-color wp-elements-776aa3e8e689e9a57bd65413b8b4ea72">Un sendero que permite descubrir, en una sola travesía, la enorme riqueza ecológica, botánica, geológica y paisajística de Almería.</p>



<p>Más información sobre el proyecto:</p>



<p class="has-vivid-cyan-blue-color has-text-color has-link-color wp-elements-b8c76de700ecf63e14661198631d5021"><a href="https://www.grupocondor.org/?p=36101"><strong>https://www.grupocondor.org/?p=36101</strong></a><strong><br></strong></p>



<p class="has-black-color has-vivid-green-cyan-background-color has-text-color has-background has-link-color has-medium-font-size wp-elements-ebbf0a389187f5ceb770174619644090"><strong>ETAPA 1. DEL PUERTO DE LA RAGUA A BAYÁRCAL</strong></p>



<p class="has-vivid-red-color has-text-color has-link-color has-medium-font-size wp-elements-ba954b13595b69b500152843447a201e"><strong>REALIZADA EL 21 DE MARZO</strong></p>



<p class="has-black-color has-text-color has-link-color wp-elements-ada1d7d11b99a987bd07f53f971f3c66"><strong>ALBUM DE FOTOS:</strong></p>



<p class="has-vivid-cyan-blue-color has-text-color has-link-color wp-elements-d8d03928387c437b7c7a5097d3bf7100"><a href="https://photos.app.goo.gl/PsdFh6veEJgHKKUo7"><strong>https://photos.app.goo.gl/PsdFh6veEJgHKKUo7</strong></a></p>



<p class="has-black-color has-text-color has-link-color wp-elements-1cb2e17f0e17abce976a2f6c5d9aaa4f"><strong>ENLACE WIKILOC:</strong></p>



<p class="has-vivid-cyan-blue-color has-text-color has-link-color wp-elements-db1d5a531d0d4ee3aa28fb007cbb157c"><a href="https://es.wikiloc.com/rutas-senderismo/gr-140-puerto-de-la-ragua-etapa-1-del-puerto-de-la-ragua-a-bayarcal-255703273"><strong>https://es.wikiloc.com/rutas-senderismo/gr-140-puerto-de-la-ragua-etapa-1-del-puerto-de-la-ragua-a-bayarcal-255703273</strong></a></p>



<p class="has-black-color has-text-color has-link-color wp-elements-32c3fda030e33b5de602ac97044afa0c"><strong>TODA LA INFORMACIÓN:</strong></p>



<p class="has-vivid-cyan-blue-color has-text-color has-link-color wp-elements-64db932ff306324ebe9898d68b1defae"><a href="https://drive.google.com/drive/folders/1ePFI1zuNKLmEdIfp5UhI5brYYGyxhzZX?usp=drive_link"><strong>https://drive.google.com/drive/folders/1ePFI1zuNKLmEdIfp5UhI5brYYGyxhzZX?usp=drive_link</strong></a></p>



<p class="has-black-color has-vivid-green-cyan-background-color has-text-color has-background has-link-color has-medium-font-size wp-elements-7d5e7396fe7188d4fc1de0240230dbea"><strong>ETAPA 2. DE BAYÁRCAL A LAUJAR DE ANDARAX</strong></p>



<p class="has-vivid-red-color has-text-color has-link-color has-medium-font-size wp-elements-dc4865c40d5cead52aab6b803a9cb0be"><strong>REALIZADA EL 31/01/2026</strong></p>



<p class="has-black-color has-text-color has-link-color wp-elements-ada1d7d11b99a987bd07f53f971f3c66"><strong>ALBUM DE FOTOS:</strong></p>



<p class="has-vivid-cyan-blue-color has-text-color has-link-color wp-elements-aa4a481658bc8a8f489a5fbdb174816f"><a href="https://photos.google.com/share/AF1QipO2yIZPFyAfyJhjCVtJUR6Ukm2v4FWv-9MNPkYXVym8A9-WM7-xiwxMl-TzXNezkQ?key=SzlNX2MwTjZmamJtWF9IYUhoa2lTWGgtczIxdUF3"><strong>https://photos.google.com/share/AF1QipO2yIZPFyAfyJhjCVtJUR6Ukm2v4FWv-9MNPkYXVym8A9-WM7-xiwxMl-TzXNezkQ?key=SzlNX2MwTjZmamJtWF9IYUhoa2lTWGgtczIxdUF3</strong></a></p>



<p class="has-black-color has-text-color has-link-color wp-elements-1cb2e17f0e17abce976a2f6c5d9aaa4f"><strong>ENLACE WIKILOC:</strong></p>



<p class="has-vivid-cyan-blue-color has-text-color has-link-color wp-elements-e6792992778b0b0362b6fcbbc11656d8"><a href="https://es.wikiloc.com/rutas-senderismo/gr-140-etapa-2-de-bayarcal-a-laujar-de-andarax-250147414"><strong>https://es.wikiloc.com/rutas-senderismo/gr-140-etapa-2-de-bayarcal-a-laujar-de-andarax-250147414</strong></a></p>



<p class="has-black-color has-text-color has-link-color wp-elements-32c3fda030e33b5de602ac97044afa0c"><strong>TODA LA INFORMACIÓN:</strong></p>



<p class="has-vivid-cyan-blue-color has-text-color has-link-color wp-elements-568c7d24030862967671065a37243aa7"><strong><a href="https://drive.google.com/drive/folders/1nOa_5r14nSzcSn8llK-cjx0wn3OBB7Bx?usp=sharing">https://drive.google.com/drive/folders/1NL62PHVBiYGofrLpRv5rDJ55aUoutq_A?usp=drive_link</a></strong></p>



<p></p>



<p></p>



<p class="has-black-color has-vivid-green-cyan-background-color has-text-color has-background has-link-color has-medium-font-size wp-elements-1320f11e908d0b0568e49d15f4143442"><strong>ETAPA 3. DE LAUJAR DE ANDARAX A PADULES</strong></p>



<p class="has-vivid-red-color has-text-color has-link-color has-medium-font-size wp-elements-f8293b6ab85222bcad64937539d344a7"><strong>REALIZADA EL 7/03/2026</strong></p>



<p class="has-black-color has-text-color has-link-color wp-elements-ada1d7d11b99a987bd07f53f971f3c66"><strong>ALBUM DE FOTOS:</strong></p>



<p class="has-vivid-cyan-blue-color has-text-color has-link-color wp-elements-70d1725d6f918f1b819b5ffef33f3ddb"><a href="https://photos.app.goo.gl/NSp81nxYSdRmzXux7"><strong>https://photos.app.goo.gl/NSp81nxYSdRmzXux7</strong></a></p>



<p class="has-black-color has-text-color has-link-color wp-elements-1cb2e17f0e17abce976a2f6c5d9aaa4f"><strong>ENLACE WIKILOC:</strong></p>



<p class="has-vivid-cyan-blue-color has-text-color has-link-color wp-elements-fb7d7239aff123843f0b8cad2a6a08a7"><a href="https://es.wikiloc.com/rutas-senderismo/gr-140-3-etapa-laujar-de-andarax-padules-253465992"><strong>https://es.wikiloc.com/rutas-senderismo/gr-140-3-etapa-laujar-de-andarax-padules-253465992</strong></a></p>



<p class="has-black-color has-text-color has-link-color wp-elements-32c3fda030e33b5de602ac97044afa0c"><strong>TODA LA INFORMACIÓN:</strong></p>



<p class="has-vivid-cyan-blue-color has-text-color has-link-color wp-elements-8e6a1e2c35b09c34b5d96f08d4d06022"><a href="https://drive.google.com/drive/folders/1ZzjaV8JEIap0x2GN35LTynQzTW3Ajly7?usp=sharing"><strong>https://drive.google.com/drive/folders/1ZzjaV8JEIap0x2GN35LTynQzTW3Ajly7?usp=sharing</strong></a></p>



<p></p>



<p class="has-black-color has-vivid-green-cyan-background-color has-text-color has-background has-link-color has-medium-font-size wp-elements-ceb5b46734477b24951ff285769dcc7e"><strong>ETAPA 4. DE PADULES A INSTINCIÓN</strong></p>



<p class="has-vivid-red-color has-text-color has-link-color has-medium-font-size wp-elements-135333eb4a674ce22aad65e58664756b"><strong>REALIZADA EL 11/04/2026</strong></p>



<p class="has-black-color has-text-color has-link-color wp-elements-ada1d7d11b99a987bd07f53f971f3c66"><strong>ALBUM DE FOTOS:</strong></p>



<p class="has-vivid-cyan-blue-color has-text-color has-link-color wp-elements-cc02e8036fcf0b7ea79b1568b14f9258"><a href="https://photos.google.com/share/AF1QipN8JHnSw25_rsXjcUHRqw6ddKhbwhzWngGb-Fsb_euwKbtpUlkVJK1JqbIT_ytlvA?key=UkhvdVY2UXczX25QbV8zZncyRVk5dnkxdDdTTGxR"><strong>https://photos.google.com/share/AF1QipN8JHnSw25_rsXjcUHRqw6ddKhbwhzWngGb-Fsb_euwKbtpUlkVJK1JqbIT_ytlvA?key=UkhvdVY2UXczX25QbV8zZncyRVk5dnkxdDdTTGxR</strong></a></p>



<p class="has-black-color has-text-color has-link-color wp-elements-1cb2e17f0e17abce976a2f6c5d9aaa4f"><strong>ENLACE WIKILOC:</strong></p>



<p class="has-vivid-cyan-blue-color has-text-color has-link-color wp-elements-26d2fa4e4dd0638b83795447948f3901"><a href="https://loc.wiki/t/258625574?wa=sc"><strong>https://loc.wiki/t/258625574?wa=sc</strong></a></p>



<p class="has-black-color has-text-color has-link-color wp-elements-32c3fda030e33b5de602ac97044afa0c"><strong>TODA LA INFORMACIÓN:</strong></p>



<p class="has-vivid-cyan-blue-color has-text-color has-link-color wp-elements-a8df440e8ef017ac4cc52d20c97f6ef5"><a href="https://drive.google.com/drive/folders/1s2U3RQoezoRO6X7hmaKi20bxk_RKUTjo?usp=sharing"><strong>https://drive.google.com/drive/folders/1s2U3RQoezoRO6X7hmaKi20bxk_RKUTjo?usp=sharing</strong></a></p>

<p>SENDERO DE ALMERÍA , DEL MAR AL CIELO. Puedes ver GR 140 Almería: De la nieve a la arena en RTVE Play https://play.rtve.es/v/5817683 NUESTRO PROYECTO 2026 Naturaleza y paisaje del GR-140 El GR-140 es un recorrido único que conecta la alta montaña de Sierra Nevada con el litoral del Parque Natural Cabo de Gata-Níjar, atravesando [&hellip;]</p>
