{"id":68,"date":"2015-01-03T10:21:15","date_gmt":"2015-01-03T10:21:15","guid":{"rendered":"http:\/\/webs.almeritek.com\/grupocondor.org\/?page_id=68"},"modified":"2017-03-05T13:09:46","modified_gmt":"2017-03-05T13:09:46","slug":"quienes-somos","status":"publish","type":"page","link":"https:\/\/www.grupocondor.org\/?page_id=68","title":{"rendered":"Qui\u00e9nes somos"},"content":{"rendered":"<p>Club de Monta\u00f1ismo C\u00f3ndor, 40\u00a0a\u00f1os de historia | Grupo C\u00f3ndor<\/p>\n<div id=\"outer-container\">\n<div id=\"page-right\">\n<div id=\"page-left\">\n<div id=\"container\">\n<div id=\"inside-content\">\n<div class=\"clear-block\">\n<div id=\"mainContent\">\n<div id=\"node-6\" class=\"node clear-block\">\n<div class=\"content\">\n<p>En enero de 1977 el Club de Monta\u00f1ismo C\u00f3ndor es legalizado formalmente, ya dispone de estatutos como tal asociaci\u00f3n deportiva y tramita en julio sus primeras cinco Licencias Deportivas. Al a\u00f1o siguiente son veintisiete los que se federan. Sin faltar un solo a\u00f1o hemos ido creciendo en socios y se ha llevado una labor continua de trabajo con un matiz muy importante, el funcionamiento del \u00abGrupo de Coordinaci\u00f3n\u00bb formado por la Junta Directiva y todos los colaboradores que quieran aportar su trabajo, aunque sea peque\u00f1o. Sus reuniones mensuales son el organo de gobierno entre asambleas.<\/p>\n<p>El monta\u00f1ismo se convierte en la semilla de lo que es C\u00f3ndor, pero vamos creciendo y madurando en diferentes aspectos, en la necesidad de luchar por conservar nuestro medio ambiente, en participar en la vida cultural y en dar un cauce de actuaci\u00f3n a los j\u00f3venes. Igualmente dentro de las actividades que se desarrollan en la monta\u00f1a, la espeleolog\u00eda y la orientaci\u00f3n forman parte de sus actividades<\/p>\n<div id=\"outer-container\">\n<div id=\"page-right\">\n<div id=\"page-left\">\n<div id=\"container\">\n<div id=\"inside-content\">\n<div class=\"clear-block\">\n<div id=\"mainContent\">\n<div id=\"node-6\" class=\"node clear-block\">\n<div class=\"content\">\n<blockquote><p>A veces es dif\u00edcil separar la participaci\u00f3n de los j\u00f3venes y la defensa del medio ambiente, y ambas de la practica del deporte del monta\u00f1ismo. La amplia gama de posibilidades que nos da el estar asociados es realmente lo que nos hace estar vivos, y a la vez ir renov\u00e1ndonos con el paso del tiempo. Del C\u00f3ndor de 1977 al C\u00f3ndor de 2009 hay unos ideales que perduran, pero sobre todo hay unos objetivos y proyectos nuevos y con la vista puesta en el futuro.<\/p>\n<p>La evoluci\u00f3n se ha producido en grupo, algunos hemos crecido bajo sus actividades, ha sido un camino recorrido paso a paso, con las dificultades propias de la convivencia de muchas personas, que en muchas ocasiones ten\u00edamos ideas y propuestas diferentes, pero que hemos sabido mantener con las aportaciones y consenso de todos.<\/p><\/blockquote>\n<\/div>\n<\/div>\n<\/div>\n<\/div>\n<\/div>\n<\/div>\n<\/div>\n<\/div>\n<\/div>\n<div id=\"outer-container\">\n<div id=\"outer-container\">\n<div id=\"page-right\">\n<div id=\"page-left\">\n<div id=\"container\">\n<div id=\"inside-content\">\n<div class=\"clear-block\">\n<div id=\"mainContent\">\n<div id=\"node-6\" class=\"node clear-block\">\n<div class=\"content\">\n<p>Uno de nuestros mayores logros es el Programa de Actividades, que detalla parte de lo que realizamos durante el a\u00f1o, y es una de n uestras se\u00f1as de identidad. Queremos que nuestros itinerarios, acampadas, recorridos de orientaci\u00f3n y espeleolog\u00eda y otras muchas actividades se difundan y puedan participar los socios e igualmente otras personas interesadas en este tipo de actividades.<\/p>\n<p>Han pasado los a\u00f1os muy deprisa, creo que no somos conscientes que los j\u00f3venes de 15 \u00f3 16 a\u00f1os de entonces, los ni\u00f1os de 9 y 10 a\u00f1os que tras unas largas conversaciones con sus padres los dejaban ir a las excursiones, somos los que hoy llevamos a nuestros hijos a las actividades.<\/p>\n<p>Las im\u00e1genes son las que realmente nos dicen que ha pasado el tiempo, por ello este espacio lo ocupan unas cuantas imagenes de unos a\u00f1os que han pasado, pero que sin ning\u00fan tipo de duda los que las hemos vivido las llevamos muy dentro de nosotros.<\/p>\n<\/div>\n<\/div>\n<\/div>\n<\/div>\n<\/div>\n<\/div>\n<\/div>\n<\/div>\n<\/div>\n<\/div>\n<\/div>\n<\/div>\n<\/div>\n<\/div>\n<\/div>\n<\/div>\n<\/div>\n<\/div>\n<\/div>\n","protected":false},"excerpt":{"rendered":"<p>Club de Monta\u00f1ismo C\u00f3ndor, 40\u00a0a\u00f1os de historia | Grupo C\u00f3ndor En enero de 1977 el Club de Monta\u00f1ismo C\u00f3ndor es legalizado formalmente, ya dispone de estatutos como tal asociaci\u00f3n deportiva y tramita en julio sus primeras cinco Licencias Deportivas. Al a\u00f1o siguiente son veintisiete los que se federan. Sin faltar un solo a\u00f1o hemos ido [&hellip;]<\/p>\n","protected":false},"author":7743,"featured_media":0,"parent":0,"menu_order":0,"comment_status":"open","ping_status":"open","template":"","meta":{"_et_pb_use_builder":"","_et_pb_old_content":"","_et_gb_content_width":"","footnotes":""},"class_list":["post-68","page","type-page","status-publish","hentry"],"_links":{"self":[{"href":"https:\/\/www.grupocondor.org\/index.php?rest_route=\/wp\/v2\/pages\/68","targetHints":{"allow":["GET"]}}],"collection":[{"href":"https:\/\/www.grupocondor.org\/index.php?rest_route=\/wp\/v2\/pages"}],"about":[{"href":"https:\/\/www.grupocondor.org\/index.php?rest_route=\/wp\/v2\/types\/page"}],"author":[{"embeddable":true,"href":"https:\/\/www.grupocondor.org\/index.php?rest_route=\/wp\/v2\/users\/7743"}],"replies":[{"embeddable":true,"href":"https:\/\/www.grupocondor.org\/index.php?rest_route=%2Fwp%2Fv2%2Fcomments&post=68"}],"version-history":[{"count":1,"href":"https:\/\/www.grupocondor.org\/index.php?rest_route=\/wp\/v2\/pages\/68\/revisions"}],"predecessor-version":[{"id":70,"href":"https:\/\/www.grupocondor.org\/index.php?rest_route=\/wp\/v2\/pages\/68\/revisions\/70"}],"wp:attachment":[{"href":"https:\/\/www.grupocondor.org\/index.php?rest_route=%2Fwp%2Fv2%2Fmedia&parent=68"}],"curies":[{"name":"wp","href":"https:\/\/api.w.org\/{rel}","templated":true}]}}